or of 2 and d.
1
Suppose 4*o - 5*g = 32, 0 = 3*o + 3*g + 8 - 32. Suppose -o*n - 12 = -4*n. Let k be 4 - -3 - (n - -1). Calculate the greatest common divisor of 18 and k.
9
Let g(n) = 2*n - 9. Let k be g(6). Let t = -70794 + 70810. Calculate the greatest common divisor of t and k.
1
Let r = 6 + 147. Suppose -2*b - 4 = -6*b, s = 3*b + r. Let j be 142/142 - (-104 + 1). What is the greatest common factor of s and j?
52
Let q = -584 - -343. Let x = -240 - q. Calculate the greatest common divisor of x and 2.
1
Suppose -2*m = -2*a + 142, m = 3*a - 91 - 110. What is the highest common divisor of a and 160?
5
Let y(q) = -q**2 - 28*q + 261. Let n be y(16). Let z = n - -460. Calculate the highest common factor of 731 and z.
17
Suppose 511 - 10573 - 9386 = -68*k. Calculate the greatest common divisor of 55 and k.
11
Suppose -4*q + 0*q - 20 = -3*u, 0 = -4*u + 4*q + 28. Let k = 34315 - 33627. Calculate the highest common divisor of u and k.
8
Let l be -4 + (0 - 2) + 15. Let m be (-1 + 0)/(l/(-1359)) + -3. What is the highest common divisor of m and 222?
74
Suppose 0 = -41*n + 16572 - 4231. Suppose -6*f + 344 = -2*f. Calculate the highest common divisor of n and f.
43
Suppose 52 = 3*n - 20. Let s be (2 - 3)*(-2)/(-2)*-265. Let p = s + -217. Calculate the greatest common divisor of p and n.
24
Let c be (10/(-15))/((-6)/18). Suppose 4*d - 7 = -4*h + 5, -d = -c*h. What is the highest common divisor of 23 and h?
1
Suppose 151 = -45*b + 331. What is the greatest common factor of b and 110?
2
Let z = 91 + -89. Suppose z*m + 351 = 3*d, 0*d - m = -5*d + 592. Calculate the highest common factor of d and 34.
17
Let n(t) = -t**2 + 95*t + 835. Let s be n(-8). Calculate the highest common factor of s and 291.
1
Let d = 4752 + -4742. What is the greatest common divisor of 1910 and d?
10
Let b(k) = -32*k - 191. Let q be b(-6). Let u be (132/28)/q + 12/42. Calculate the highest common factor of 80 and u.
5
Let k(g) = -37*g**3 - 26*g**2 - 48*g. Let l be k(-2). What is the highest common divisor of l and 1350?
18
Suppose -16*j - 3439 = -4777 - 13238. What is the greatest common divisor of j and 1?
1
Suppose -2*k - 6 = 0, -30*k + 838 = -2*a - 32*k. Let u be a/176*33/(-6). Calculate the greatest common factor of u and 403.
13
Let l = 30 + -9. Let d be (-104)/(-6) + (-2)/(-3). Let z = d + -4. What is the greatest common divisor of z and l?
7
Let o = 25 - -29. Let p = 618 - 633. Let m be (85/p + 5)*-3*3. Calculate the greatest common factor of o and m.
6
Suppose 1250 = 3*b + 2*b. Let t be (-147)/(-15) - (-6)/30*(-1 + 2). Calculate the greatest common divisor of t and b.
10
Let h = 38 - 43. Let m be (-3)/(-2)*h/(-15)*4. Let k be m/11*263 - 8/(-44). What is the greatest common factor of k and 8?
8
Let w(o) = -11*o - 5. Let h be w(-2). Suppose -h = -v + 37. Let r = v + -46. Calculate the highest common factor of r and 4.
4
Suppose -36*w = -26*w - 42*w + 27840. Calculate the greatest common divisor of 705 and w.
15
Suppose 5*b = -2*o + 477 + 114, -125 = -b + 3*o. Let f be ((-7)/3)/((-19)/57). Let a be (f - 6)/((5/34)/5). Calculate the greatest common factor of b and a.
17
Suppose -1502 = 4*k - 1478. Let r(v) = -v**2 - 23*v - 45. Let t be r(k). Calculate the highest common divisor of t and 228.
57
Let u(j) = 2*j**2 - 53*j + 9. Let q be u(29). Let m = 341 - q. What is the highest common divisor of m and 44?
11
Let s = 256 - 226. Let o be (-3)/(-2) + -2 + 39/6. Calculate the greatest common factor of s and o.
6
Let p = -8109 - -9551. What is the greatest common divisor of p and 4?
2
Let b = 994 - 990. What is the greatest common factor of b and 164?
4
Let j(u) = 2*u**3 - 4*u**2 + 15*u + 2. Let w be j(6). Suppose -w*y + 383*y = 1638. Calculate the highest common factor of 78 and y.
78
Let g be (-78)/52 - (282/(-4) - -3). Let x be ((-8)/5)/(2/35). Let b = x + 72. What is the greatest common divisor of b and g?
22
Let f(i) = -6*i + 4 + 3*i**2 - i**2 + 4*i + 3*i. Let o be f(4). Let q(d) = 3*d**2 + 14*d + 32. Let r be q(-2). Calculate the highest common divisor of r and o.
8
Suppose 4*g - 4*f = -4, -f = 1 - 3. Let j be (1/(-2))/(715/240 - 3). Let v = j - 20. What is the greatest common factor of g and v?
1
Let h = 13692 - 13675. Let r = 636 + -245. What is the greatest common factor of h and r?
17
Let s = 13762 + -2842. What is the greatest common factor of 35 and s?
35
Let u(m) = 2*m - 1. Let j(l) = l. Let k(f) = 3*j(f) - u(f). Let a be k(15). Calculate the greatest common factor of 160 and a.
16
Let r(c) = -52*c - 51. Let v be r(-1). Suppose 270 = 33*f - 15*f. Calculate the greatest common divisor of f and v.
1
Let k = 27 - 2. Suppose -1521 = -216*s + 1719. What is the greatest common factor of k and s?
5
Suppose -45 = -3*a - 39. Let j be (-3 + a)*32/(-16) - -4. What is the greatest common factor of j and 6?
6
Let h(d) = -d**3 + 23*d**2 + 24*d - 4. Let z be h(24). Let m = z - -38. Let u be (-51)/((-2 - -4)/(-2)). Calculate the greatest common divisor of u and m.
17
Suppose -5*f - 1015 = -5*g, 3*g - 1660*f + 1655*f - 601 = 0. Let v be ((-18)/4)/(1/(-2)). Calculate the greatest common divisor of v and g.
9
Let g(k) = 3*k**2 + 2*k + 1. Let s be g(8). Suppose -4*p = 2*b - 26, -15*p + 12*p = 9. What is the greatest common factor of s and b?
19
Let y be (-1161)/(-21)*-9 - 8/(-14). Let m = y + 503. Calculate the greatest common divisor of 18 and m.
6
Suppose -p = -0*x + 5*x - 273, 0 = -4*x - 5*p + 210. What is the greatest common factor of x and 285?
5
Suppose 234 = 8*l - 118. Let f(k) = -k**3 + 33*k**2 + 69*k + 55. Let g be f(35). What is the greatest common divisor of l and g?
4
Suppose -23*f - 3*t + 507 = -22*f, 2*t = 5*f - 2637. Calculate the greatest common factor of f and 28.
7
Let g = 10719 - 8559. What is the greatest common divisor of 240 and g?
240
Let x = 2133 - 2124. What is the greatest common factor of x and 22581?
9
Suppose 0*o - 4*o = -4*l - 28, 2*o + 3*l = -6. Suppose 0 = -o*i - 10 + 25. Suppose -i = -2*q + 31. Calculate the greatest common divisor of 27 and q.
9
Let u = 3 - -3. Let w be -3*2/(-12)*u. Suppose 107 = 3*j - 2*v - 21, -v - 127 = -w*j. What is the greatest common divisor of j and 70?
14
Suppose -78*g + 77*g - 5 = 0, 5*a + 3*g = 2745. Calculate the highest common divisor of a and 348.
12
Suppose 15*i = 7*i - 32. Let h be 7 + i - (10/2 + -2). Suppose h = 3*o - 7*o + 32. Calculate the greatest common divisor of 8 and o.
8
Let z(r) = -7*r + 9. Let f be z(-7). Suppose -1073 = 2*p - 3*o, p + o + 2640 = -4*p. Let l = -384 - p. What is the highest common divisor of l and f?
29
Let n = 3168 + -3166. Suppose 2*l - 6 = 62. What is the greatest common factor of l and n?
2
Let g = 5370 + -5358. What is the highest common divisor of g and 1698?
6
Let z(u) = -4*u**2 + 381*u + 7564. Let c be z(112). Let l be (3 - (-4)/(-2)) + 23. Calculate the highest common factor of c and l.
12
Suppose 3*c - 456 = -5*p, 0 = -3*p + c - 6*c + 280. Suppose -23*l + 13*l = -p. What is the highest common factor of l and 7?
1
Let c = 4333 + -1933. Suppose -84*a + 74*a + c = 0. Suppose 0 = -3*y - 2*w + 152, -2*y - 7 = -2*w - 95. Calculate the highest common factor of y and a.
48
Let l = 61 + -37. Let w(k) = -5*k. Let f be w(-8). Suppose -5*g + 2*y + 10 = -f, 5 = y. Calculate the greatest common divisor of g and l.
12
Let b(t) = 3*t**2 - 49*t - 466. Let y be b(38). Calculate the greatest common divisor of 12 and y.
12
Let z(d) = d**3 + 28*d**2 - 13*d - 471. Let t be z(-14). Calculate the greatest common factor of 5 and t.
5
Let r = -66 + 110. Let k = -13 + 52. Let i = r - k. Calculate the greatest common divisor of 1 and i.
1
Let f be (-2 - -2) + (44 - 0). Suppose 0 = -f*v + 42*v + 64. Let h be 5/(30/v) + (-8)/(-12). What is the greatest common divisor of 18 and h?
6
Let w = 101 + -55. Let p(c) = 15*c**2 + 9*c - 9. Let l be p(2). Calculate the greatest common factor of l and w.
23
Let s be 35 + 2 + 0 + 0. Let n = 87 - s. Suppose 0 = 2*q - 8 - 12. What is the highest common divisor of n and q?
10
Let t be (-766)/(-12) - 260/312. Calculate the greatest common factor of 21 and t.
21
Let h be (-2 - -7) + (321 - 10). Let c = 379 - h. Calculate the highest common divisor of c and 35.
7
Suppose 4*d + 20448 = 12*d. Calculate the greatest common factor of d and 108.
36
Let a = 365 + -303. Suppose -3*k = -3*x + 